|   | 
      | 
  
  
      | 
      | 
  
 
     | 
    | 
  
  
     | 
    | 
  
  
    |   | 
      | 
  
  
    | 
         
xen-devel
[Xen-devel] [xen-unstable test] 8034: tolerable FAIL
 
flight 8034 xen-unstable real [real]
http://www.chiark.greenend.org.uk/~xensrcts/logs/8034/
Failures :-/ but no regressions.
Tests which are failing intermittently (not blocking):
 test-amd64-xcpkern-i386-xl-credit2 10 guest-saverestore      fail pass in 8029
 test-amd64-xcpkern-i386-rhel6hvm-intel 12 guest-localmigrate/x10 fail in 8029 
pass in 8034
 test-i386-i386-win           14 guest-start.2        fail in 8029 pass in 8034
Tests which did not succeed, but are not blocking,
including regressions (tests previously passed) regarded as allowable:
 test-amd64-i386-rhel6hvm-intel 12 guest-localmigrate/x10       fail  like 8029
 test-amd64-xcpkern-i386-rhel6hvm-amd 12 guest-localmigrate/x10  fail like 8029
 test-amd64-xcpkern-i386-rhel6hvm-intel 14 guest-start.2        fail never pass
 test-amd64-i386-rhel6hvm-amd 12 guest-localmigrate/x10       fail    like 8026
 test-amd64-i386-win-vcpus1   16 leak-check/check             fail   never pass
 test-amd64-xcpkern-i386-xl-win 13 guest-stop                   fail never pass
 test-amd64-xcpkern-i386-win  16 leak-check/check             fail   never pass
 test-amd64-i386-win          16 leak-check/check             fail   never pass
 test-amd64-amd64-xl-win      13 guest-stop                   fail   never pass
 test-amd64-amd64-win         16 leak-check/check             fail   never pass
 test-amd64-i386-xl-win-vcpus1 13 guest-stop                   fail  never pass
 test-i386-i386-xl-win        13 guest-stop                   fail   never pass
 test-i386-xcpkern-i386-win   16 leak-check/check             fail   never pass
 test-i386-i386-win           16 leak-check/check             fail   never pass
 test-amd64-xcpkern-i386-xl-credit2 14 guest-localmigrate/x10 fail in 8029 like 
8024
 test-amd64-i386-rhel6hvm-amd 14 guest-start.2          fail in 8029 never pass
version targeted for testing:
 xen                  00d2c5ca26fd
baseline version:
 xen                  00d2c5ca26fd
jobs:
 build-i386-xcpkern                                           pass    
 build-amd64                                                  pass    
 build-i386                                                   pass    
 build-amd64-oldkern                                          pass    
 build-i386-oldkern                                           pass    
 build-amd64-pvops                                            pass    
 build-i386-pvops                                             pass    
 test-amd64-amd64-xl                                          pass    
 test-amd64-i386-xl                                           pass    
 test-i386-i386-xl                                            pass    
 test-amd64-xcpkern-i386-xl                                   pass    
 test-i386-xcpkern-i386-xl                                    pass    
 test-amd64-i386-rhel6hvm-amd                                 fail    
 test-amd64-xcpkern-i386-rhel6hvm-amd                         fail    
 test-amd64-i386-xl-credit2                                   pass    
 test-amd64-xcpkern-i386-xl-credit2                           fail    
 test-amd64-i386-rhel6hvm-intel                               fail    
 test-amd64-xcpkern-i386-rhel6hvm-intel                       fail    
 test-amd64-i386-xl-multivcpu                                 pass    
 test-amd64-xcpkern-i386-xl-multivcpu                         pass    
 test-amd64-amd64-pair                                        pass    
 test-amd64-i386-pair                                         pass    
 test-i386-i386-pair                                          pass    
 test-amd64-xcpkern-i386-pair                                 pass    
 test-i386-xcpkern-i386-pair                                  pass    
 test-amd64-amd64-pv                                          pass    
 test-amd64-i386-pv                                           pass    
 test-i386-i386-pv                                            pass    
 test-amd64-xcpkern-i386-pv                                   pass    
 test-i386-xcpkern-i386-pv                                    pass    
 test-amd64-i386-win-vcpus1                                   fail    
 test-amd64-i386-xl-win-vcpus1                                fail    
 test-amd64-amd64-win                                         fail    
 test-amd64-i386-win                                          fail    
 test-i386-i386-win                                           fail    
 test-amd64-xcpkern-i386-win                                  fail    
 test-i386-xcpkern-i386-win                                   fail    
 test-amd64-amd64-xl-win                                      fail    
 test-i386-i386-xl-win                                        fail    
 test-amd64-xcpkern-i386-xl-win                               fail    
------------------------------------------------------------
sg-report-flight on woking.cam.xci-test.com
logs: /home/xc_osstest/logs
images: /home/xc_osstest/images
Logs, config files, etc. are available at
    http://www.chiark.greenend.org.uk/~xensrcts/logs
Test harness code can be found at
    http://xenbits.xensource.com/gitweb?p=osstest.git;a=summary
Published tested tree is already up to date.
_______________________________________________
Xen-devel mailing list
Xen-devel@xxxxxxxxxxxxxxxxxxx
http://lists.xensource.com/xen-devel
 |   
 
| <Prev in Thread] | 
Current Thread | 
[Next in Thread> |  
- [Xen-devel] [xen-unstable test] 8034: tolerable FAIL,
xen . org <=
  
 |  
  
 | 
    | 
  
  
    |   | 
    |