|   | 
      | 
  
  
      | 
      | 
  
 
     | 
    | 
  
  
     | 
    | 
  
  
    |   | 
      | 
  
  
    | 
         
xen-devel
[Xen-devel] [linux test] 6637: regressions - FAIL
 
flight 6637 linux real [real]
http://www.chiark.greenend.org.uk/~xensrcts/logs/6637/
Regressions :-(
Tests which did not succeed and are blocking:
 build-amd64-pvops             4 kernel-build               fail REGR. vs. 6635
 build-i386-pvops              4 kernel-build               fail REGR. vs. 6635
Tests which did not succeed, but are not blocking,
including regressions (tests previously passed) regarded as allowable:
 test-amd64-amd64-pair         1 xen-build-check(1)           blocked  n/a
 test-amd64-amd64-pv           1 xen-build-check(1)           blocked  n/a
 test-amd64-amd64-win          1 xen-build-check(1)           blocked  n/a
 test-amd64-amd64-xl-win       1 xen-build-check(1)           blocked  n/a
 test-amd64-amd64-xl           1 xen-build-check(1)           blocked  n/a
 test-amd64-i386-pair          1 xen-build-check(1)           blocked  n/a
 test-amd64-i386-pv            1 xen-build-check(1)           blocked  n/a
 test-amd64-i386-rhel6hvm-amd  1 xen-build-check(1)           blocked  n/a
 test-amd64-i386-rhel6hvm-intel  1 xen-build-check(1)           blocked  n/a
 test-amd64-i386-win-vcpus1    1 xen-build-check(1)           blocked  n/a
 test-amd64-i386-win           1 xen-build-check(1)           blocked  n/a
 test-amd64-i386-xl-credit2    1 xen-build-check(1)           blocked  n/a
 test-amd64-i386-xl-multivcpu  1 xen-build-check(1)           blocked  n/a
 test-amd64-i386-xl-win-vcpus1  1 xen-build-check(1)           blocked  n/a
 test-amd64-i386-xl            1 xen-build-check(1)           blocked  n/a
 test-i386-i386-pair           1 xen-build-check(1)           blocked  n/a
 test-i386-i386-pv             1 xen-build-check(1)           blocked  n/a
 test-i386-i386-win            1 xen-build-check(1)           blocked  n/a
 test-i386-i386-xl-win         1 xen-build-check(1)           blocked  n/a
 test-i386-i386-xl             1 xen-build-check(1)           blocked  n/a
version targeted for testing:
 linux                3c0504d6e48a2df5dd5cf4b5bdb2790d44f7cc9e
baseline version:
 linux                6d6ba2f4ea5f5a11f31ed707445ec4a57d225eb6
------------------------------------------------------------
People who touched revisions under test:
------------------------------------------------------------
jobs:
 build-amd64                                                  pass     
 build-i386                                                   pass     
 build-amd64-pvops                                            fail     
 build-i386-pvops                                             fail     
 test-amd64-amd64-xl                                          blocked  
 test-amd64-i386-xl                                           blocked  
 test-i386-i386-xl                                            blocked  
 test-amd64-i386-rhel6hvm-amd                                 blocked  
 test-amd64-i386-xl-credit2                                   blocked  
 test-amd64-i386-rhel6hvm-intel                               blocked  
 test-amd64-i386-xl-multivcpu                                 blocked  
 test-amd64-amd64-pair                                        blocked  
 test-amd64-i386-pair                                         blocked  
 test-i386-i386-pair                                          blocked  
 test-amd64-amd64-pv                                          blocked  
 test-amd64-i386-pv                                           blocked  
 test-i386-i386-pv                                            blocked  
 test-amd64-i386-win-vcpus1                                   blocked  
 test-amd64-i386-xl-win-vcpus1                                blocked  
 test-amd64-amd64-win                                         blocked  
 test-amd64-i386-win                                          blocked  
 test-i386-i386-win                                           blocked  
 test-amd64-amd64-xl-win                                      blocked  
 test-i386-i386-xl-win                                        blocked  
------------------------------------------------------------
sg-report-flight on woking.cam.xci-test.com
logs: /home/xc_osstest/logs
images: /home/xc_osstest/images
Logs, config files, etc. are available at
    http://www.chiark.greenend.org.uk/~xensrcts/logs
Test harness code can be found at
    http://xenbits.xensource.com/gitweb?p=osstest.git;a=summary
Not pushing.
------------------------------------------------------------
commit 3c0504d6e48a2df5dd5cf4b5bdb2790d44f7cc9e
Merge: 6d6ba2f... da1785b...
Author: Jeremy Fitzhardinge <jeremy.fitzhardinge@xxxxxxxxxx>
Date:   Thu Mar 24 13:41:41 2011 +0000
    Merge commit 'v2.6.32.34' into xen/next-2.6.32
    
    * commit 'v2.6.32.34': (44 commits)
      Linux 2.6.32.34
      hwmon: (sht15) Fix integer overflow in humidity calculation
      x86, binutils, xen: Fix another wrong size directive
      powerpc: rtas_flash needs to use rtas_data_buf
      powerpc/kdump: Fix race in kdump shutdown
      powerpc/kexec: Fix race in kexec shutdown
      mmc: sdio: remember new card RCA when redetecting card
      i2c: Fix typo in instantiating-devices document
      fix per-cpu flag problem in the cpu affinity checkers
      smp_call_function_many: handle concurrent clearing of mask
      isdn: avoid calling tty_ldisc_flush() in atomic context
      x86: Flush TLB if PGD entry is changed in i386 PAE mode
      call_function_many: add missing ordering
      call_function_many: fix list delete vs add race
      ext3: Always set dx_node's fake_dirent explicitly.
      perf, powerpc: Handle events that raise an exception without overflowing
      perf: Handle stopped state with tracepoints
      SUNRPC: Ensure we always run the tk_callback before tk_action
      ALSA: ctxfi - Clear input settings before initialization
      ALSA: ctxfi - Fix SPDIF status retrieval
      ...
_______________________________________________
Xen-devel mailing list
Xen-devel@xxxxxxxxxxxxxxxxxxx
http://lists.xensource.com/xen-devel
 |   
 
| <Prev in Thread] | 
Current Thread | 
[Next in Thread> |  
- [Xen-devel] [linux test] 6637: regressions - FAIL,
xen . org <=
  
 |  
  
 | 
    | 
  
  
    |   | 
    |