|   | 
      | 
  
  
      | 
      | 
  
 
     | 
    | 
  
  
     | 
    | 
  
  
    |   | 
      | 
  
  
    | 
         
xen-devel
[Xen-devel] [xen-unstable test] 6564: regressions - FAIL
 
flight 6564 xen-unstable real [real]
http://www.chiark.greenend.org.uk/~xensrcts/logs/6564/
Regressions :-(
Tests which did not succeed and are blocking:
 test-amd64-xcpkern-i386-pair 16 guest-start                fail REGR. vs. 6396
 test-amd64-xcpkern-i386-xl-credit2 11 guest-localmigrate   fail REGR. vs. 6396
Tests which did not succeed, but are not blocking,
including regressions (tests previously passed) regarded as allowable:
 test-amd64-amd64-win         16 leak-check/check             fail   never pass
 test-amd64-amd64-xl-win      13 guest-stop                   fail   never pass
 test-amd64-i386-rhel6hvm-amd  8 guest-saverestore            fail   never pass
 test-amd64-i386-rhel6hvm-intel  8 guest-saverestore            fail never pass
 test-amd64-i386-win-vcpus1   16 leak-check/check             fail   never pass
 test-amd64-i386-win          16 leak-check/check             fail   never pass
 test-amd64-i386-xl-win-vcpus1 13 guest-stop                   fail  never pass
 test-amd64-xcpkern-i386-rhel6hvm-amd  8 guest-saverestore      fail never pass
 test-amd64-xcpkern-i386-rhel6hvm-intel  8 guest-saverestore    fail never pass
 test-amd64-xcpkern-i386-win  16 leak-check/check             fail   never pass
 test-amd64-xcpkern-i386-xl-win 13 guest-stop                   fail never pass
 test-i386-i386-win           16 leak-check/check             fail   never pass
 test-i386-i386-xl-win        13 guest-stop                   fail   never pass
 test-i386-xcpkern-i386-win   16 leak-check/check             fail   never pass
version targeted for testing:
 xen                  12f7c7ac7f19
baseline version:
 xen                  a8fee4ad3ad0
------------------------------------------------------------
People who touched revisions under test:
  Daniel Stodden <daniel.stodden@xxxxxxxxxx>
  George Dunlap <george.dunlap@xxxxxxxxxxxxx>
  Gianni Tedesco <gianni.tedesco@xxxxxxxxxx>
  Ian Campbell <ian.campbell@xxxxxxxxxx>
  Ian Jackson <ian.jackson@xxxxxxxxxxxxx>
  Jan Beulich <jbeulich@xxxxxxxxxx>
  Juergen Gross <juergen.gross@xxxxxxxxxxxxxx>
  Keir Fraser <keir@xxxxxxx>
  Liu, Jinsong <jinsong.liu@xxxxxxxxx>
  Olaf Hering <olaf@xxxxxxxxx>
  Stefano Stabellini <stefano.stabellini@xxxxxxxxxxxxx>
  Tim Deegan <Tim.Deegan@xxxxxxxxxx>
  Wei Gang <gang.wei@xxxxxxxxx>
------------------------------------------------------------
jobs:
 build-i386-xcpkern                                           pass     
 build-amd64                                                  pass     
 build-i386                                                   pass     
 build-amd64-oldkern                                          pass     
 build-i386-oldkern                                           pass     
 build-amd64-pvops                                            pass     
 build-i386-pvops                                             pass     
 test-amd64-amd64-xl                                          pass     
 test-amd64-i386-xl                                           pass     
 test-i386-i386-xl                                            pass     
 test-amd64-xcpkern-i386-xl                                   pass     
 test-i386-xcpkern-i386-xl                                    pass     
 test-amd64-i386-rhel6hvm-amd                                 fail     
 test-amd64-xcpkern-i386-rhel6hvm-amd                         fail     
 test-amd64-i386-xl-credit2                                   pass     
 test-amd64-xcpkern-i386-xl-credit2                           fail     
 test-amd64-i386-rhel6hvm-intel                               fail     
 test-amd64-xcpkern-i386-rhel6hvm-intel                       fail     
 test-amd64-i386-xl-multivcpu                                 pass     
 test-amd64-xcpkern-i386-xl-multivcpu                         pass     
 test-amd64-amd64-pair                                        pass     
 test-amd64-i386-pair                                         pass     
 test-i386-i386-pair                                          pass     
 test-amd64-xcpkern-i386-pair                                 fail     
 test-i386-xcpkern-i386-pair                                  pass     
 test-amd64-amd64-pv                                          pass     
 test-amd64-i386-pv                                           pass     
 test-i386-i386-pv                                            pass     
 test-amd64-xcpkern-i386-pv                                   pass     
 test-i386-xcpkern-i386-pv                                    pass     
 test-amd64-i386-win-vcpus1                                   fail     
 test-amd64-i386-xl-win-vcpus1                                fail     
 test-amd64-amd64-win                                         fail     
 test-amd64-i386-win                                          fail     
 test-i386-i386-win                                           fail     
 test-amd64-xcpkern-i386-win                                  fail     
 test-i386-xcpkern-i386-win                                   fail     
 test-amd64-amd64-xl-win                                      fail     
 test-i386-i386-xl-win                                        fail     
 test-amd64-xcpkern-i386-xl-win                               fail     
------------------------------------------------------------
sg-report-flight on woking.cam.xci-test.com
logs: /home/xc_osstest/logs
images: /home/xc_osstest/images
Logs, config files, etc. are available at
    http://www.chiark.greenend.org.uk/~xensrcts/logs
Test harness code can be found at
    http://xenbits.xensource.com/gitweb?p=osstest.git;a=summary
Not pushing.
(No revision log; it would be 549 lines long.)
_______________________________________________
Xen-devel mailing list
Xen-devel@xxxxxxxxxxxxxxxxxxx
http://lists.xensource.com/xen-devel
 |   
 
| <Prev in Thread] | 
Current Thread | 
[Next in Thread> |  
- [Xen-devel] [xen-unstable test] 6564: regressions - FAIL,
xen . org <=
  
 |  
  
 | 
    | 
  
  
    |   | 
    |