|   | 
      | 
  
  
      | 
      | 
  
 
     | 
    | 
  
  
     | 
    | 
  
  
    |   | 
      | 
  
  
    | 
         
xen-devel
[Xen-devel] [xen-unstable test] 9350: regressions - FAIL
 
flight 9350 xen-unstable real [real]
http://www.chiark.greenend.org.uk/~xensrcts/logs/9350/
Regressions :-(
Tests which did not succeed and are blocking:
 test-amd64-i386-win          14 guest-start.2              fail REGR. vs. 9349
Tests which did not succeed, but are not blocking,
including regressions (tests previously passed) regarded as allowable:
 test-amd64-amd64-xl-pcipt-intel  9 guest-start                 fail never pass
 test-amd64-i386-rhel6hvm-amd  9 guest-start.2                fail   never pass
 test-amd64-i386-rhel6hvm-intel  9 guest-start.2                fail never pass
 test-amd64-i386-win-vcpus1   16 leak-check/check             fail   never pass
 test-amd64-i386-xl-win-vcpus1 13 guest-stop                   fail  never pass
 test-amd64-amd64-win         16 leak-check/check             fail   never pass
 test-amd64-amd64-xl-win      13 guest-stop                   fail   never pass
 test-i386-i386-xl-win        13 guest-stop                   fail   never pass
 test-i386-i386-win           16 leak-check/check             fail   never pass
version targeted for testing:
 xen                  a06609840ff1
baseline version:
 xen                  14b369de76ad
------------------------------------------------------------
People who touched revisions under test:
  Andrew Cooper <andrew.cooper3@xxxxxxxxxx>
  Jan Beulich <jbeulich@xxxxxxxx>
  Olaf Hering <olaf@xxxxxxxxx>
  Roger Pau Monne <roger.pau@xxxxxxxxxxxxx>
  Tim Deegan <tim@xxxxxxx>
------------------------------------------------------------
jobs:
 build-amd64                                                  pass    
 build-i386                                                   pass    
 build-amd64-oldkern                                          pass    
 build-i386-oldkern                                           pass    
 build-amd64-pvops                                            pass    
 build-i386-pvops                                             pass    
 test-amd64-amd64-xl                                          pass    
 test-amd64-i386-xl                                           pass    
 test-i386-i386-xl                                            pass    
 test-amd64-i386-rhel6hvm-amd                                 fail    
 test-amd64-i386-xl-credit2                                   pass    
 test-amd64-amd64-xl-pcipt-intel                              fail    
 test-amd64-i386-rhel6hvm-intel                               fail    
 test-amd64-i386-xl-multivcpu                                 pass    
 test-amd64-amd64-pair                                        pass    
 test-amd64-i386-pair                                         pass    
 test-i386-i386-pair                                          pass    
 test-amd64-amd64-pv                                          pass    
 test-amd64-i386-pv                                           pass    
 test-i386-i386-pv                                            pass    
 test-amd64-amd64-xl-sedf                                     pass    
 test-amd64-i386-win-vcpus1                                   fail    
 test-amd64-i386-xl-win-vcpus1                                fail    
 test-amd64-amd64-win                                         fail    
 test-amd64-i386-win                                          fail    
 test-i386-i386-win                                           fail    
 test-amd64-amd64-xl-win                                      fail    
 test-i386-i386-xl-win                                        fail    
------------------------------------------------------------
sg-report-flight on woking.cam.xci-test.com
logs: /home/xc_osstest/logs
images: /home/xc_osstest/images
Logs, config files, etc. are available at
    http://www.chiark.greenend.org.uk/~xensrcts/logs
Test harness code can be found at
    http://xenbits.xensource.com/gitweb?p=osstest.git;a=summary
Not pushing.
------------------------------------------------------------
changeset:   23980:a06609840ff1
tag:         tip
user:        Olaf Hering <olaf@xxxxxxxxx>
date:        Thu Oct 20 11:25:58 2011 +0100
    
    xenpaging: disallow paging in a PoD guest
    
    Disallow xenpaging in a PoD guest until coexistance between the two features
    is properly implemented.
    
    Signed-off-by: Olaf Hering <olaf@xxxxxxxxx>
    Acked-by: Tim Deegan <tim@xxxxxxx>
    Committed-by: Tim Deegan <tim@xxxxxxx>
    
    
changeset:   23979:18306b054799
user:        Olaf Hering <olaf@xxxxxxxxx>
date:        Thu Oct 20 11:25:58 2011 +0100
    
    xenpaging: document p2m_mem_paging functions
    
    Add some documentation for each of the p2m_mem_paging functions to describe
    what they ought to do.
    
    Signed-off-by: Olaf Hering <olaf@xxxxxxxxx>
    Acked-by: Tim Deegan <tim@xxxxxxx>
    Committed-by: Tim Deegan <tim@xxxxxxx>
    
    
changeset:   23978:fd3fa0a85020
user:        Olaf Hering <olaf@xxxxxxxxx>
date:        Thu Oct 20 11:25:55 2011 +0100
    
    xenpaging: check p2mt in p2m_mem_paging functions
    
    Add checks to forward the p2m_ram_paging* state properly during page-in.
    
    Resume can be called several times if several vcpus called populate for
    the gfn. Finish resume only once.
    
    Signed-off-by: Olaf Hering <olaf@xxxxxxxxx>
    Acked-by: Tim Deegan <tim@xxxxxxx>
    Committed-by: Tim Deegan <tim@xxxxxxx>
    
    
changeset:   23977:14b369de76ad
user:        Jan Beulich <jbeulich@xxxxxxxx>
date:        Wed Oct 19 12:51:42 2011 +0200
    
    x86: move generic IRQ code out of io_apic.c
    
    While doing so, eliminate the use of struct irq_cfg and convert the
    CPU mask accessors to the new style ones as far as possible.
    
    Signed-off-by: Jan Beulich <jbeulich@xxxxxxxx>
    Acked-by: Andrew Cooper <andrew.cooper3@xxxxxxxxxx>
    
    
========================================
commit 25378e0a76b282127e9ab8933a4defbc91db3862
Author: Roger Pau Monne <roger.pau@xxxxxxxxxxxxx>
Date:   Thu Oct 6 18:38:08 2011 +0100
    remove blktap when building for NetBSD
    
    NetBSD has no blktap support, so remove the use of the blktap if the
    OS is NetBSD.
    
    Signed-off-by: Roger Pau Monne <roger.pau@xxxxxxxxxxxxx>
_______________________________________________
Xen-devel mailing list
Xen-devel@xxxxxxxxxxxxxxxxxxx
http://lists.xensource.com/xen-devel
 |   
 
| <Prev in Thread] | 
Current Thread | 
[Next in Thread> |  
- [Xen-devel] [xen-unstable test] 9350: regressions - FAIL,
xen . org <=
  
 |  
  
 | 
    | 
  
  
    |   | 
    |