|   | 
      | 
  
  
      | 
      | 
  
 
     | 
    | 
  
  
     | 
    | 
  
  
    |   | 
      | 
  
  
    | 
         
xen-devel
[Xen-devel] [xen-4.0-testing test] 8863: regressions - FAIL
 
flight 8863 xen-4.0-testing real [real]
http://www.chiark.greenend.org.uk/~xensrcts/logs/8863/
Regressions :-(
Tests which did not succeed and are blocking:
 test-amd64-amd64-xl-win       5 xen-boot                   fail REGR. vs. 8855
Tests which did not succeed, but are not blocking,
including regressions (tests previously passed) regarded as allowable:
 test-amd64-amd64-xl-pcipt-intel  8 debian-fixup                fail never pass
 test-amd64-amd64-xl          15 guest-stop                   fail   never pass
 test-amd64-i386-xl-multivcpu 15 guest-stop                   fail   never pass
 test-i386-i386-xl            15 guest-stop                   fail   never pass
 test-amd64-i386-xl           15 guest-stop                   fail   never pass
 test-amd64-i386-xl-credit2   14 guest-localmigrate/x10       fail    like 8855
 test-amd64-amd64-xl-sedf      9 guest-start               fail blocked in 8855
 test-i386-i386-win           16 leak-check/check             fail   never pass
 test-amd64-i386-rhel6hvm-intel  7 redhat-install               fail never pass
 test-amd64-i386-rhel6hvm-amd  7 redhat-install               fail   never pass
 test-amd64-i386-win-vcpus1   16 leak-check/check             fail   never pass
 test-amd64-amd64-win         16 leak-check/check             fail   never pass
 test-amd64-i386-win          16 leak-check/check             fail   never pass
 test-amd64-i386-xl-win-vcpus1  7 windows-install              fail  never pass
 test-i386-i386-xl-win         7 windows-install              fail   never pass
version targeted for testing:
 xen                  789ff1a462b8
baseline version:
 xen                  b44346a6975c
------------------------------------------------------------
People who touched revisions under test:
  Allen M Kay <allen.m.kay@xxxxxxxxx>
  Tim Deegan <tim@xxxxxxx>
  Wei Wang2 <wei.wang2@xxxxxxx>
------------------------------------------------------------
jobs:
 build-amd64                                                  pass    
 build-i386                                                   pass    
 build-amd64-oldkern                                          pass    
 build-i386-oldkern                                           pass    
 build-amd64-pvops                                            pass    
 build-i386-pvops                                             pass    
 test-amd64-amd64-xl                                          fail    
 test-amd64-i386-xl                                           fail    
 test-i386-i386-xl                                            fail    
 test-amd64-i386-rhel6hvm-amd                                 fail    
 test-amd64-i386-xl-credit2                                   fail    
 test-amd64-amd64-xl-pcipt-intel                              fail    
 test-amd64-i386-rhel6hvm-intel                               fail    
 test-amd64-i386-xl-multivcpu                                 fail    
 test-amd64-amd64-pair                                        pass    
 test-amd64-i386-pair                                         pass    
 test-i386-i386-pair                                          pass    
 test-amd64-amd64-pv                                          pass    
 test-amd64-i386-pv                                           pass    
 test-i386-i386-pv                                            pass    
 test-amd64-amd64-xl-sedf                                     fail    
 test-amd64-i386-win-vcpus1                                   fail    
 test-amd64-i386-xl-win-vcpus1                                fail    
 test-amd64-amd64-win                                         fail    
 test-amd64-i386-win                                          fail    
 test-i386-i386-win                                           fail    
 test-amd64-amd64-xl-win                                      fail    
 test-i386-i386-xl-win                                        fail    
------------------------------------------------------------
sg-report-flight on woking.cam.xci-test.com
logs: /home/xc_osstest/logs
images: /home/xc_osstest/images
Logs, config files, etc. are available at
    http://www.chiark.greenend.org.uk/~xensrcts/logs
Test harness code can be found at
    http://xenbits.xensource.com/gitweb?p=osstest.git;a=summary
Not pushing.
------------------------------------------------------------
changeset:   21535:789ff1a462b8
tag:         tip
user:        Tim Deegan <tim@xxxxxxx>
date:        Thu Sep 08 12:23:52 2011 +0100
    
    Passthrough: disable bus-mastering on any card that causes an IOMMU fault.
    
    This stops the card from raising back-to-back faults and live-locking
    the CPU that handles them.
    
    Signed-off-by: Tim Deegan <tim@xxxxxxx>
    Acked-by: Wei Wang2 <wei.wang2@xxxxxxx>
    Acked-by: Allen M Kay <allen.m.kay@xxxxxxxxx>
    xen-unstable changeset:   23762:537ed3b74b3f
    xen-unstable date:        Fri Aug 12 11:29:24 2011 +0100
    
    
changeset:   21534:2906ef107e97
user:        Keir Fraser <keir@xxxxxxx>
date:        Thu Sep 08 12:23:22 2011 +0100
    
    Update Xen version to 4.0.3-rc3-pre
    
    
changeset:   21533:b44346a6975c
user:        Keir Fraser <keir@xxxxxxx>
date:        Wed Sep 07 10:41:49 2011 +0100
    
    Added signature for changeset 8d012bc20d30
    
    
(qemu changes not included)
_______________________________________________
Xen-devel mailing list
Xen-devel@xxxxxxxxxxxxxxxxxxx
http://lists.xensource.com/xen-devel
 |   
 
| <Prev in Thread] | 
Current Thread | 
[Next in Thread> |  
- [Xen-devel] [xen-4.0-testing test] 8863: regressions - FAIL,
xen . org <=
  
 |  
  
 | 
    | 
  
  
    |   | 
    |