|   | 
      | 
  
  
      | 
      | 
  
 
     | 
    | 
  
  
     | 
    | 
  
  
    |   | 
      | 
  
  
    | 
         
xen-devel
[Xen-devel] [xen-4.0-testing test] 8743: regressions - trouble:	blocked/
 
flight 8743 xen-4.0-testing real [real]
http://www.chiark.greenend.org.uk/~xensrcts/logs/8743/
Regressions :-(
Tests which did not succeed and are blocking:
 build-amd64-pvops             2 host-install(2)              broken
 test-amd64-amd64-xl-win       5 xen-boot           fail in 8740 REGR. vs. 8737
Tests which are failing intermittently (not blocking):
 test-amd64-i386-xl-credit2    5 xen-boot                     fail pass in 8740
Tests which did not succeed, but are not blocking,
including regressions (tests previously passed) regarded as allowable:
 test-amd64-amd64-xl-pcipt-intel  1 xen-build-check(1)           blocked  n/a
 test-amd64-amd64-xl-sedf      1 xen-build-check(1)           blocked  n/a
 test-amd64-i386-xl-multivcpu 15 guest-stop                   fail   never pass
 test-amd64-amd64-xl           1 xen-build-check(1)           blocked  n/a
 test-amd64-i386-xl           15 guest-stop                   fail   never pass
 test-amd64-amd64-pv           1 xen-build-check(1)           blocked  n/a
 test-i386-i386-xl            15 guest-stop                   fail   never pass
 test-amd64-amd64-pair         1 xen-build-check(1)           blocked  n/a
 test-amd64-i386-rhel6hvm-intel  7 redhat-install               fail never pass
 test-amd64-i386-rhel6hvm-amd  7 redhat-install               fail   never pass
 test-amd64-i386-win-vcpus1   16 leak-check/check             fail   never pass
 test-amd64-i386-win          16 leak-check/check             fail   never pass
 test-amd64-amd64-win          1 xen-build-check(1)           blocked  n/a
 test-i386-i386-win           16 leak-check/check             fail   never pass
 test-amd64-amd64-xl-win       1 xen-build-check(1)           blocked  n/a
 test-i386-i386-xl-win         7 windows-install              fail   never pass
 test-amd64-i386-xl-win-vcpus1  7 windows-install              fail  never pass
 test-amd64-amd64-xl-pcipt-intel  8 debian-fixup        fail in 8740 never pass
 test-amd64-amd64-xl-sedf     15 guest-stop             fail in 8740 never pass
 test-amd64-amd64-xl          15 guest-stop             fail in 8740 never pass
 test-amd64-i386-xl-credit2   15 guest-stop             fail in 8740 never pass
 test-amd64-amd64-win         16 leak-check/check       fail in 8740 never pass
version targeted for testing:
 xen                  4b7b75ace863
baseline version:
 xen                  3ee2f39a7f68
------------------------------------------------------------
People who touched revisions under test:
------------------------------------------------------------
jobs:
 build-amd64                                                  pass    
 build-i386                                                   pass    
 build-amd64-oldkern                                          pass    
 build-i386-oldkern                                           pass    
 build-amd64-pvops                                            broken  
 build-i386-pvops                                             pass    
 test-amd64-amd64-xl                                          blocked 
 test-amd64-i386-xl                                           fail    
 test-i386-i386-xl                                            fail    
 test-amd64-i386-rhel6hvm-amd                                 fail    
 test-amd64-i386-xl-credit2                                   fail    
 test-amd64-amd64-xl-pcipt-intel                              blocked 
 test-amd64-i386-rhel6hvm-intel                               fail    
 test-amd64-i386-xl-multivcpu                                 fail    
 test-amd64-amd64-pair                                        blocked 
 test-amd64-i386-pair                                         pass    
 test-i386-i386-pair                                          pass    
 test-amd64-amd64-pv                                          blocked 
 test-amd64-i386-pv                                           pass    
 test-i386-i386-pv                                            pass    
 test-amd64-amd64-xl-sedf                                     blocked 
 test-amd64-i386-win-vcpus1                                   fail    
 test-amd64-i386-xl-win-vcpus1                                fail    
 test-amd64-amd64-win                                         blocked 
 test-amd64-i386-win                                          fail    
 test-i386-i386-win                                           fail    
 test-amd64-amd64-xl-win                                      blocked 
 test-i386-i386-xl-win                                        fail    
------------------------------------------------------------
sg-report-flight on woking.cam.xci-test.com
logs: /home/xc_osstest/logs
images: /home/xc_osstest/images
Logs, config files, etc. are available at
    http://www.chiark.greenend.org.uk/~xensrcts/logs
Test harness code can be found at
    http://xenbits.xensource.com/gitweb?p=osstest.git;a=summary
Not pushing.
------------------------------------------------------------
changeset:   21529:4b7b75ace863
tag:         tip
user:        Keir Fraser <keir@xxxxxxx>
date:        Thu Aug 25 15:36:50 2011 +0100
    
    Update Xen version to 4.0.3-rc2-pre
    
    
changeset:   21528:3ee2f39a7f68
user:        Keir Fraser <keir@xxxxxxx>
date:        Thu Aug 25 11:40:01 2011 +0100
    
    Added signature for changeset 47f9c9648fe7
    
    
(qemu changes not included)
_______________________________________________
Xen-devel mailing list
Xen-devel@xxxxxxxxxxxxxxxxxxx
http://lists.xensource.com/xen-devel
 |   
 
| <Prev in Thread] | 
Current Thread | 
[Next in Thread> |  
- [Xen-devel] [xen-4.0-testing test] 8743: regressions - trouble:	blocked/broken/fail/pass,
xen . org <=
  
 |  
  
 | 
    | 
  
  
    |   | 
    |