|   | 
      | 
  
  
      | 
      | 
  
 
     | 
    | 
  
  
     | 
    | 
  
  
    |   | 
      | 
  
  
    | 
         
xen-devel
[Xen-devel] [xen-4.0-testing test] 4366: regressions - FAIL
 
flight 4366 xen-4.0-testing real [real]
http://www.chiark.greenend.org.uk/~xensrcts/logs/4366/
Regressions :-(
Tests which did not succeed and are blocking:
 test-amd64-xcpkern-i386-rhel6hvm-amd  5 xen-boot           fail REGR. vs. 3015
Tests which did not succeed, but are not blocking:
 test-amd64-amd64-win         16 leak-check/check             fail   never pass
 test-amd64-amd64-xl          15 guest-stop                   fail   never pass
 test-amd64-i386-rhel6hvm-amd  7 redhat-install               fail   never pass
 test-amd64-i386-rhel6hvm-intel  7 redhat-install               fail never pass
 test-amd64-i386-win          16 leak-check/check             fail   never pass
 test-amd64-i386-xl-credit2    5 xen-boot                   fail REGR. vs. 3015
 test-amd64-i386-xl-multivcpu 15 guest-stop                   fail   never pass
 test-amd64-i386-xl           15 guest-stop                   fail   never pass
 test-amd64-xcpkern-i386-pair 20 leak-check/check/src_host  fail REGR. vs. 3015
 test-amd64-xcpkern-i386-rhel6hvm-intel  7 redhat-install       fail never pass
 test-amd64-xcpkern-i386-win  16 leak-check/check             fail   never pass
 test-amd64-xcpkern-i386-xl-credit2 15 guest-stop               fail never pass
 test-amd64-xcpkern-i386-xl-multivcpu 15 guest-stop             fail never pass
 test-amd64-xcpkern-i386-xl   15 guest-stop                   fail   never pass
 test-i386-i386-win           16 leak-check/check             fail   never pass
 test-i386-i386-xl            15 guest-stop                   fail   never pass
 test-i386-xcpkern-i386-win   16 leak-check/check             fail   never pass
 test-i386-xcpkern-i386-xl    15 guest-stop                   fail   never pass
version targeted for testing:
 xen                  9c2fdcff3704
baseline version:
 xen                  116a979f9d0f
------------------------------------------------------------
People who touched revisions under test:
  Dan Magenheimer <dan.magenheimer@xxxxxxxxxx>
  George Dunlap <george.dunlap@xxxxxxxxxxxxx>
  Ian Campbell <ian.campbell@xxxxxxxxxx>
  Ian Jackson <ian.jackson@xxxxxxxxxxxxx>
  Jan Beulich <jbeulich@xxxxxxxxxx>
  Keir Fraser <keir.fraser@xxxxxxxxxx>
  Keir Fraser <keir@xxxxxxx>
  Michael Young <m.a.young@xxxxxxxxxxxx>
  Sander Eikelenboom <linux@xxxxxxxxxxxxxx>
  Tim Deegan <Tim.Deegan@xxxxxxxxxx>
------------------------------------------------------------
jobs:
 build-i386-xcpkern                                           pass     
 build-amd64                                                  pass     
 build-i386                                                   pass     
 build-amd64-oldkern                                          pass     
 build-i386-oldkern                                           pass     
 build-amd64-pvops                                            pass     
 build-i386-pvops                                             pass     
 test-amd64-amd64-xl                                          fail     
 test-amd64-i386-xl                                           fail     
 test-i386-i386-xl                                            fail     
 test-amd64-xcpkern-i386-xl                                   fail     
 test-i386-xcpkern-i386-xl                                    fail     
 test-amd64-i386-rhel6hvm-amd                                 fail     
 test-amd64-xcpkern-i386-rhel6hvm-amd                         fail     
 test-amd64-i386-xl-credit2                                   fail     
 test-amd64-xcpkern-i386-xl-credit2                           fail     
 test-amd64-i386-rhel6hvm-intel                               fail     
 test-amd64-xcpkern-i386-rhel6hvm-intel                       fail     
 test-amd64-i386-xl-multivcpu                                 fail     
 test-amd64-xcpkern-i386-xl-multivcpu                         fail     
 test-amd64-amd64-pair                                        pass     
 test-amd64-i386-pair                                         pass     
 test-i386-i386-pair                                          pass     
 test-amd64-xcpkern-i386-pair                                 fail     
 test-i386-xcpkern-i386-pair                                  pass     
 test-amd64-amd64-pv                                          pass     
 test-amd64-i386-pv                                           pass     
 test-i386-i386-pv                                            pass     
 test-amd64-xcpkern-i386-pv                                   pass     
 test-i386-xcpkern-i386-pv                                    pass     
 test-amd64-amd64-win                                         fail     
 test-amd64-i386-win                                          fail     
 test-i386-i386-win                                           fail     
 test-amd64-xcpkern-i386-win                                  fail     
 test-i386-xcpkern-i386-win                                   fail     
------------------------------------------------------------
sg-report-flight on woking.cam.xci-test.com
logs: /home/xc_osstest/logs
images: /home/xc_osstest/images
Logs, config files, etc. are available at
    http://www.chiark.greenend.org.uk/~xensrcts/logs
Test harness code can be found at
    http://xenbits.xensource.com/gitweb?p=osstest.git;a=summary
Not pushing.
(No revision log; it would be 378 lines long.)
_______________________________________________
Xen-devel mailing list
Xen-devel@xxxxxxxxxxxxxxxxxxx
http://lists.xensource.com/xen-devel
 |   
 
| <Prev in Thread] | 
Current Thread | 
[Next in Thread> |  
- [Xen-devel] [xen-4.0-testing test] 4366: regressions - FAIL,
xen . org <=
  
 |  
  
 | 
    | 
  
  
    |   | 
    |